.
20
Let i(n) = n**3 - 13*n**2 - 2*n + 43. Let z be i(13). What is the highest common factor of z and 221?
17
Let v be (-5 - (0 - 7)) + 3. What is the greatest common divisor of 940 and v?
5
Let q = -13 - -7. Let y(f) = f**2 + 6. Let m be y(q). What is the highest common factor of m and 42?
42
Suppose u - 7*i + 12*i = 19, -78 = -2*u - 2*i. Suppose -8 = -2*x + 14. Calculate the highest common factor of u and x.
11
Let x(p) = -2*p**3 + p**2 + 10*p + 3. Let i be x(2). What is the greatest common divisor of i and 2464?
11
Let l(i) = -i**2 + 12*i + 7. Let s be l(11). Calculate the highest common factor of 198 and s.
18
Suppose k = 5*f - 25, -4*k = 4*f + 36 - 32. Suppose -y = -6*y + 10. Suppose 0 = -y*q + 2*b + 8, b - 3 = 1. Calculate the highest common divisor of q and f.
4
Suppose 5*s = 3*h + 2*h + 55, -9 = -4*s - 3*h. Suppose 129 = w - s. Suppose d + 2*j - 3*j - 10 = 0, 25 = d + 2*j. What is the highest common factor of w and d?
15
Let k be (12/(-36))/(2/(-6)). Suppose -12 = 4*s - 2*w - 44, -k = -s + 4*w. What is the highest common divisor of 1 and s?
1
Let c = -16 + 14. Let r be 4 + (-1 + c - -2). Suppose 1 = -q - r*j, q + q = -j + 8. What is the greatest common factor of q and 5?
5
Suppose 863 - 4153 = -47*o. What is the highest common divisor of 875 and o?
35
Let w be (1 - -5)*35/10. What is the highest common divisor of w and 42?
21
Let q = -58 - -88. Suppose -184*k + 3 = -2*b - 181*k, 26 = b + 4*k. Calculate the highest common divisor of q and b.
6
Let h = -287 - -435. Let c be h/14 - (-21)/49. Let d(z) = z**2 + z - 6. Let t be d(c). Calculate the greatest common divisor of t and 14.
14
Let h(z) = -z + 47. Let x be h(35). Calculate the greatest common factor of 84 and x.
12
Let p = 14 - 9. Suppose t = -5*l + 1, 61 = 5*t + 2*l - p*l. Suppose 7*s - 153 = 694. What is the highest common factor of s and t?
11
Let g be (648/16)/(3/4). Let i be (-24)/g - (-652)/9. Suppose -3*l = l - 36. What is the greatest common divisor of i and l?
9
Let u be (10 - -2) + -13 + -2 + 68. Let q = -47 + 73. Calculate the greatest common factor of q and u.
13
Suppose 0 = -4*b + 2*g + 40, -3*b + 33 = -0*b - 3*g. Suppose -5*w - 312 = -b*w. Let p = 49 + 3. Calculate the greatest common factor of w and p.
26
Let g(q) = -q - 6. Let s be g(-8). Suppose 0 = 4*x - s*p - 100, -x - 2*p + 20 = -10. Calculate the greatest common factor of x and 26.
26
Let n be ((-60)/(-8))/5*10. Calculate the highest common divisor of n and 3615.
15
Let w(s) = 2*s**3 - 6*s**2 + 4*s + 3. Let a be (-2 + 1)/((-4)/12). Let b be w(a). Calculate the highest common factor of 15 and b.
15
Let c(k) = k**2 - 13*k - 159. Let m be c(24). What is the highest common divisor of m and 15?
15
Let a(z) = z**2 + 12*z + 4. Let l be a(-12). Suppose -l*m + m - j = -45, -4*m + j + 53 = 0. What is the greatest common factor of m and 98?
14
Let h be -3*(-16)/60*25/2. What is the greatest common divisor of 5 and h?
5
Suppose -8*d = -4*d + 112. Let u = d - -31. Suppose 4*w = -3*b + 114, -w - 3*b + 31 = -b. What is the highest common factor of u and w?
3
Let t(u) = u**2 + 17*u + 63. Let m be t(-24). Let n = m + -132. Calculate the highest common factor of 9 and n.
9
Let s be 81/6 - 0 - (-36)/24. Let t be 2/(-6) + 92/6. What is the highest common divisor of t and s?
15
Let c(y) = -y**2 - 15*y + 13. Let z be c(-14). Let o(m) = -m**2 - 2*m + 18. Let x be o(0). What is the highest common factor of z and x?
9
Suppose -16*r + 6*r = -420. What is the greatest common factor of 12 and r?
6
Let u(j) = 3*j**2 - 2*j + 2. Let f be u(2). Let l = 7 - f. Let q be -39*-2*l/(-6). Calculate the highest common factor of 13 and q.
13
Let k(x) = x**3 - 2*x**2 - 28*x - 28. Let g be k(-3). Suppose 5*c = -3*y + 590, 2*c - 3*y = -8*y + 217. What is the greatest common factor of g and c?
11
Let m(u) = -11*u + 4. Let n be m(-4). Calculate the greatest common factor of n and 84.
12
Suppose -2*c + 5 - 1 = 0. Let h be 1 + (-3 - -10*c). Suppose -2*v + 9 = -3*q, 0 = 4*v - 3*q - q - 28. Calculate the highest common divisor of h and v.
6
Suppose 23*g + 2027 - 6167 = 0. Calculate the highest common divisor of 72 and g.
36
Suppose -14*u + 411 - 131 = 0. Calculate the highest common factor of u and 22.
2
Suppose -29*f = -44*f + 165. Calculate the greatest common divisor of f and 649.
11
Suppose 0 = x + 5, -2*z - 2*x - 16 = 2*x. Let o = z + 2. Suppose -54 = 2*h - o*h. Calculate the greatest common factor of 18 and h.
9
Let k(g) = 8*g**2 - 13*g - 61. Let r(f) = 4*f**2 - 6*f - 30. Let w(i) = -3*k(i) + 7*r(i). Let o be w(-5). Calculate the highest common divisor of o and 66.
22
Suppose 0 = -0*n - 6*n + 192. Suppose t - 3*z - 244 = 0, t + 5*z = 476 - 200. Calculate the highest common divisor of t and n.
32
Suppose 4*t - 2*z + 4*z - 26 = 0, -4*t + 20 = -4*z. Let g(m) = 5*m - 47. Let w be g(13). Calculate the highest common divisor of t and w.
6
Suppose 34*b - b - 990 = 0. What is the highest common divisor of b and 350?
10
Suppose 2*l + 23 = -3*r + 8, -r + 28 = -3*l. Let m be ((-50)/(-6))/((-3)/l). Let b = -43 - -243. Calculate the greatest common divisor of b and m.
25
Let p = -412 + 446. What is the highest common divisor of p and 17?
17
Let d = -31 - -51. Suppose 0 = -5*g + d + 5, g = 5*s + 350. Let p = s - -114. Calculate the highest common factor of p and 5.
5
Let t = -477 - -565. What is the greatest common factor of t and 33?
11
Suppose 0 = 3*r + 151 + 68. Let u = r + 93. Suppose 0 = 4*w - 48 + 16. Calculate the greatest common divisor of w and u.
4
Let l = -22 + 160. Suppose 60 + l = q. Calculate the highest common divisor of q and 22.
22
Let m = -158 + 69. Let l = m - -125. Let b be -1 + 2 + 17*1. Calculate the highest common factor of l and b.
18
Let c(s) = -s + 1. Let u(k) = k**2 + 8*k - 3. Let x(y) = 5*c(y) + u(y). Let l be x(-4). What is the greatest common factor of 6 and l?
6
Let f be -2*1/(-2) + 15. Let u be (-4)/22 - (-1392)/33. Let a = u + -38. What is the greatest common factor of a and f?
4
Let r(k) = 16*k + 277. Let h be r(-17). Let t(f) = f**2 + 4*f - 7. Let i be t(-6). Calculate the greatest common divisor of h and i.
5
Let g be 21*(-1)/(70/(-60))*1. Let t = -86 - -131. Calculate the greatest common factor of g and t.
9
Let f = 455 + -407. Let l be (-120)/4*1/(-3). Let m be ((-16)/l)/((-2)/20). What is the highest common factor of f and m?
16
Let i(f) = 10*f**2 + 5*f. Let o be i(2). Calculate the highest common factor of 1325 and o.
25
Let t = -576 + 678. What is the highest common factor of t and 51?
51
Let i(r) = 6*r + 55. Let j be i(20). Suppose -5*p + 119 = -3*x, 4*p - 117 + 25 = 4*x. Calculate the highest common factor of j and p.
25
Suppose -2468*f + 2470*f = 384. Calculate the highest common factor of 3 and f.
3
Let n(i) = -i**3 + 6*i**2 - 3*i - 8. Let c be n(5). Let f be 2 - ((-16)/c + -2). What is the highest common divisor of 300 and f?
12
Let k be (-3409)/(-49) - 42/(-98). What is the greatest common divisor of 812 and k?
14
Let y = 98 + -76. Suppose -y = -o + 18. Calculate the highest common divisor of 320 and o.
40
Let i(n) = -21*n + 46. Let l be i(2). Suppose 2*o - 6 = 58. Calculate the greatest common divisor of l and o.
4
Let x = 73 - 70. Suppose 0 = 3*k + v - 157, -x*k = 2*k + 3*v - 263. What is the greatest common factor of 26 and k?
26
Suppose 3*n - 44 = -2*d, -4*n + n - 3*d + 39 = 0. Suppose -m = 2*c - 248, 3*c - 1254 = 3*m - 8*m. Let p = -90 + m. What is the highest common factor of p and n?
18
Let m(t) = -t**3 - t + 36. Let j be m(0). Let i = 96 + -87. Suppose i*n - 12 = 6*n. Calculate the greatest common divisor of n and j.
4
Let d be -13 - ((-3 - -3) + -2). Let p = d - -19. Suppose -5*h + 4*h = -p. What is the highest common factor of h and 8?
8
Let a(q) = 76*q + 4788. Let s be a(-61). Let t = 20 - 1. Calculate the greatest common divisor of s and t.
19
Let x(l) = l**3 - 33*l**2 - l + 40. Let j be x(33). Calculate the highest common factor of 77 and j.
7
Suppose j - 4*j = -i - 8, 0 = 2*i + 4*j - 14. Let v be (8*4 - 0)/i. Suppose 8 = o + 3*g - 11, 3*o + 5*g - 37 = 0. What is the greatest common factor of o and v?
4
Let j(a) be the first derivative of a**3/3 + 2*a**2 - 19*a - 19. Let b be j(-9). What is the highest common factor of b and 104?
26
Let a be (0 - -2)/((-1)/(-5)). Suppose 0 = -a*d + 3*d + 2079. What is th